 5*j - 80, 4*o + 4*j + 50 = 146. Calculate the greatest common factor of 4350 and o.
10
Let h(b) = -5*b - 6. Let q be h(-7). Suppose -5*l - q = -39. Calculate the highest common factor of l and 8.
2
Let i = -71 + 78. Suppose i*f - 23 = 47. Let t be 29 - -1 - (f - 12). Calculate the greatest common factor of 24 and t.
8
Let r = -233 + 137. Let m be (r/(-56))/(3/42). Calculate the highest common factor of 168 and m.
24
Suppose 4*p = -3*o + 239, o - 255 = -5*p + 6*o. Let i = 83 + -67. Calculate the highest common factor of i and p.
8
Let j be ((-288)/(-3))/(0 - (-3 - -2)). Suppose -78*v + 84*v = j. Calculate the greatest common factor of v and 1.
1
Let h(w) = -27*w - 43. Let m be h(-26). Let k = -651 + m. Calculate the highest common factor of 80 and k.
8
Let h be (-23 + 19)*-8*(-1 + 0). Let x be 0 - (1 + 2) - 5. Let g be (h/(-6))/x*-264. What is the greatest common divisor of g and 11?
11
Suppose 12 = 2*y - 6*y. Let g be y/12 - 162/(-8). Let u be 6808/68 - (-14 + (-1680)/(-119)). Calculate the greatest common divisor of g and u.
20
Let q = -65 + 66. Let f be -2 - (1 + q) - -3. Let r = 8 - f. Calculate the greatest common divisor of r and 45.
9
Let j(i) = -64*i + 5. Let g(b) = -b**2 - 5*b - 4. Let t be g(-5). Let f be j(t). Let d = -37573 - -37602. What is the greatest common factor of f and d?
29
Let d be (2/2)/((-8)/(-40)). Suppose d*h = 32 + 28. Suppose -2*p + 4*q - 11 + 39 = 0, 2*p - 44 = -4*q. What is the greatest common factor of h and p?
6
Suppose 7*c - 2816 = 3*c. Suppose -5*l = -l - c. Let i(n) = -8*n + 56. Let h be i(5). Calculate the greatest common factor of l and h.
16
Let k = -8 + 16. Suppose 4*v - 80 = -4*i, -3*i - 43 + 119 = 4*v. What is the highest common factor of v and k?
8
Let y = -148 - -308. Let q(t) = t**3 - 32*t**2 + 77*t - 446. Let p be q(30). Calculate the highest common factor of y and p.
32
Let y(w) = 1. Let n(s) = s**2 + 9. Let k(x) = -n(x) + 3*y(x). Let m be k(2). Let h = 60 - m. Calculate the highest common divisor of 105 and h.
35
Let y be 0 + -4 - 312/(-2). Let c = 8 + y. Suppose -3*w = 33 - 129. What is the greatest common factor of c and w?
32
Suppose 12*g - 12 = 6*g. Suppose 3*s - 5 = g*s. Suppose 4*p = -2*z + 28, 2*z = -2*p + s*z + 22. Calculate the highest common divisor of p and 12.
4
Let x be 3/(3/2 + 15/(-12)). Let d(c) be the second derivative of 13*c**3/6 - 18*c**2 - 20*c. Let r be d(x). Calculate the greatest common divisor of r and 15.
15
Suppose 0 = 3*t - q - 5762, 2*t - 6*q = -q + 3824. Calculate the greatest common divisor of 62 and t.
62
Let c be (9 - 2)*5/(-5) - -18. Calculate the greatest common factor of 1903 and c.
11
Let r be ((-55)/(-30) - (-2)/12) + 2128. What is the highest common factor of 30 and r?
30
Let v = -47325 - -47348. Let d be 1/(((-1)/(-184))/1). What is the highest common divisor of d and v?
23
Let k(u) = u - 1 + 0*u - 4*u + u**2. Let f be k(-4). Let n(d) = -3*d**3 - 134*d**2 - 96*d - 349. Let m be n(-44). What is the greatest common factor of m and f?
3
Let h(y) = -3*y + 95. Suppose -10*s - 59 = -29. Let p be h(s). What is the greatest common divisor of 16 and p?
8
Let f = 296 + -296. Suppose -22*z + 24*z - 48 = f. What is the highest common factor of z and 168?
24
Suppose -5460 = 21*m - 42*m. What is the highest common factor of m and 1755?
65
Let x(t) = t**3 - 14*t**2 + 48*t - 14. Let q be x(4). Calculate the highest common divisor of 1413 and q.
9
Suppose 18 + 4 = 2*f. Let y = 322 + -318. Suppose u + 3*q - 38 = 7*q, -u - y*q = -6. What is the greatest common divisor of u and f?
11
Let m = 149 - 117. Suppose m*u + 176 = 34*u. What is the greatest common factor of u and 8?
8
Suppose 3*z - 588 = -174. Suppose 10*w + 3*k = 5*w - 2, -w - 2 = k. Suppose -8*h + z = -w*h. What is the greatest common divisor of h and 23?
23
Let g be 7 + 2088/6 + -2. Let j = g + -98. Calculate the greatest common factor of j and 51.
51
Let t be (-2)/(55/3190*(-8)/14). What is the highest common factor of 15225 and t?
203
Suppose 8*y - 166 = 3*y + 3*u, -3*y + 92 = 2*u. What is the greatest common factor of y and 4064?
32
Suppose 4*h - 2*b - 257 = 55, 2*h + 4*b = 176. Calculate the highest common factor of h and 380.
20
Suppose -15*z + 37*z - 2860 = 0. What is the greatest common divisor of z and 230?
10
Suppose 4*z + 452 = 3*y, -2*y = -3*z - 43 - 258. Suppose 0 = 2*j - 24 - y. Let v = j - 68. What is the highest common divisor of 4 and v?
4
Let q(v) = -v**2 - 16*v - 37. Let d be q(-11). Let y be -4 + -8 + 42 + 6. Calculate the highest common divisor of y and d.
18
Let y(b) = -44*b + 168. Let z be y(-10). Calculate the highest common divisor of z and 513.
19
Let w = 69 - 64. Suppose -z = -w*z - 44. Let y(c) = -c**3 - 9*c**2 + 7*c + 19. Let r be y(z). What is the greatest common divisor of r and 8?
8
Suppose 3*n + 522 = 5*y, 2339*y - 3*n = 2338*y + 102. Suppose -137 - 52 = -h. Calculate the highest common divisor of h and y.
21
Suppose -3*c + 151 = t - 0, -3*t - 86 = -2*c. Suppose -3*k - c = -724. What is the greatest common factor of 25 and k?
25
Let s(u) = -u + 8. Let q be s(4). Suppose 9*k + 89 = 4*c + 4*k, 118 = 5*c - q*k. Let m = 59 + -33. What is the highest common factor of m and c?
26
Let c be 1 - 5/(-5)*(0 + 1)*317. What is the highest common factor of 15370 and c?
106
Let s be 117/((154/(-140))/(-11)*30/8). Calculate the greatest common divisor of 351 and s.
39
Suppose 13*l - 533 = 1105. What is the highest common divisor of 72 and l?
18
Let j = 83 - 63. Suppose 4*d - 13*d = -207. Let b = d + -3. Calculate the greatest common divisor of b and j.
20
Let b be 38 + -5 + -6 + -4. Let s be 2*b/16 + (-2)/(-16). Calculate the highest common divisor of s and 57.
3
Let p(x) = 430*x - 6704. Let u be p(16). What is the greatest common divisor of u and 913?
11
Let o(h) = -24*h**3 + 2*h**2 + 57*h + 114. Let c be o(-2). What is the greatest common factor of 440 and c?
40
Suppose 2*d - d = 3*q + 21, 4*d + 2*q - 126 = 0. Let x be (3/2)/(1/d). Suppose -47 = -5*w + 43. What is the greatest common factor of w and x?
9
Let q(x) = x**2 - 8 + x**2 - 4 - 4*x. Let t(n) = 3*n**3 - 14*n**2 - 20. Let l be t(5). Let o be q(l). What is the highest common divisor of o and 9?
9
Let h(y) = 375*y - 3732. Let s be h(10). What is the highest common factor of 9558 and s?
18
Let b(d) = -24*d + 57. Let h(a) = 6*a + 185. Let l be h(-32). Let s be b(l). Calculate the greatest common divisor of 25 and s.
25
Suppose -45 = 7*l - 17. Let v be 16698/(-154) + l/7. Let u = v - -157. What is the greatest common divisor of 432 and u?
48
Let m(o) be the second derivative of -5*o**3/6 + 21*o**2 + 82*o. Let f be m(7). Calculate the greatest common factor of 4 and f.
1
Let s be 755 + -737 - (-238 - 0). Calculate the greatest common divisor of 28 and s.
4
Suppose -j = 2*j - 18. Let a = -106621 - -106627. Calculate the highest common divisor of j and a.
6
Let j(n) = -n + 21. Let x = 6 - 8. Let d be (-1 - -4)*1 + (x - -9). Let k be j(d). Calculate the highest common factor of 22 and k.
11
Suppose -20*q + 8330 = -6*q. Suppose -2*z = 5*z - q. Let n = z + -83. Calculate the highest common factor of n and 2.
2
Suppose 11*l - 12*l = -4*q + 12, -5*q = -2*l - 15. Suppose l = -0*i + 6*i - 216. Calculate the highest common divisor of i and 4.
4
Let v = 297 + -297. Suppose 3*h = d + 59, 3*d - 33 = -v*h - h. What is the greatest common factor of h and 7?
7
Let b(w) = w**2 + 3*w - 37. Let p be b(-8). Let r be (1/p)/((-4)/(-516)). What is the greatest common factor of r and 559?
43
Let g(i) = 21*i**2 - i - 3. Let z be g(2). Let h = 50 - z. Let y = 6 - h. Calculate the greatest common factor of y and 14.
7
Suppose y = -4*n + 211, -233 + 23 = -4*n - 2*y. Suppose 4*b = -19994*u + 19990*u + 200, -5*b + 2*u + 271 = 0. What is the highest common factor of b and n?
53
Let y = 12598 - 12577. What is the highest common factor of y and 81?
3
Let n(r) = r**2 - 14*r - 182. Let t be n(25). Let u = -1 - -7. What is the highest common divisor of u and t?
3
Let h(m) = -4*m + 3. Let q = 3 + 1. Suppose -q*x - 16 + 4 = 0. Let j be h(x). Calculate the greatest common factor of 90 and j.
15
Let d be ((-18)/(-33))/(-3) - (-1145228)/2156. Calculate the greatest common factor of d and 236.
59
Suppose 16 = 3*w - 38. Suppose -5*y - 29*g = -26*g - 243, -y = -5*g - 43. Calculate the h